t of t?
4
Suppose -3*d + d + 5*m = 5, 2*d + 3*m + 13 = 0. Let u(x) = x**3 + 8*x**2 + 7*x + 2. What is the units digit of u(d)?
2
Let q(v) = -6*v - 12 + 19*v - 336*v**2 + 335*v**2. Let b = 18 + -7. What is the tens digit of q(b)?
1
Let b(j) = -j**2 + 12*j - 14. Let v = -2 - -2. Suppose 4*q = -v*q + 40. What is the units digit of b(q)?
6
Let x(d) = d + 24. Let j be -1 + 3 + (-6)/3. What is the units digit of x(j)?
4
Let y = -9 + 6. What is the tens digit of (y/(-6))/((-5)/(-290))?
2
Let n = 8 + -13. What is the units digit of (-23)/n - (-2)/5?
5
Suppose 29 = -4*n - 5*t + 8, -4*t = 4*n + 20. Let k be ((-6)/n)/(6/160). Suppose 5 = -5*j + k. What is the units digit of j?
7
Let n be (3/(-4))/(2/(-24)). Let c be 3/n + (-1)/3. Let a(d) = -d**2 + d + 5. What is the units digit of a(c)?
5
Let x = -18 + 44. What is the units digit of x?
6
Let f be (-29)/(-3) - (-2)/6. Let b = f - 8. What is the units digit of b?
2
Suppose p = -l - 3*l - 18, -5*p = 4*l + 10. Suppose h + u - 22 = -3*u, -p*h + 8 = -u. What is the units digit of h?
6
Let p(z) = -z**2 + 2*z + 3. Let m be p(3). Suppose -u + 2*s - 2 = -3*u, -s - 1 = m. Suppose -2*f = -f - u. What is the units digit of f?
2
Suppose 0 = -4*k + 12, 5*l - 42 = 2*k - k. What is the units digit of l?
9
Suppose v = -5 + 25. What is the tens digit of v?
2
Let b(s) = 2*s - 5. Let i be b(4). Suppose i*f = f + 6. What is the units digit of f?
3
Let f(y) be the first derivative of y**3/3 + 9*y**2/2 + y - 4. Let n be f(-9). What is the units digit of n/2 - (-15)/2?
8
Suppose -l = 3*l + 192. What is the units digit of l/(-20) - 6/(-10)?
3
Let m = 13 + -11. Let j be 0*(2 + (-5)/m). Suppose 0*u + u - 10 = j. What is the tens digit of u?
1
Suppose 0 = 3*n + n - 4. Let m(s) = 4*s. Let p be m(n). Suppose 5*d - p*c = 4*d - 12, c - 8 = -d. What is the units digit of d?
4
Let b be ((-16)/6)/((-4)/174). Let k be 2/(-6) + b/6. Suppose -2*g + k = 3. What is the units digit of g?
8
Suppose 5*v + 2*b = -6, 5*b + 12 = b. Suppose v = -2*d + 11 + 1. Suppose d*x - 6 = 3*x. What is the units digit of x?
2
Let s be (3 + -10)*4/(-14). Suppose 0*u = -s*u + 186. What is the units digit of 1/(-6) - u/(-18)?
5
Suppose 4*o = -4*b + 464, -2*b = -5*o + 3*o - 224. What is the units digit of b?
4
Let n(x) = -2*x - 13. Suppose -m + 4*m + 15 = 0. Let i(a) = -a - 9. Let l(r) = m*n(r) + 7*i(r). What is the units digit of l(3)?
1
Let h = 6 + -4. Suppose -4 = h*o - 2*r, 2*o = -0*r + r + 1. Suppose -3*z + 18 - 6 = o*n, -2*n - 5*z - 1 = 0. What is the units digit of n?
7
Suppose i - 33 = 4. Let b be 4/(-10) - i/(-5). Let k = b + 0. What is the units digit of k?
7
Suppose 5*g = z - 4*z + 24, -z - 6 = -3*g. Suppose g = -5*d + 4*j, -3*d = d + 3*j - 10. What is the units digit of d?
1
What is the units digit of (-8)/((-16)/20*(-2)/(-20))?
0
Let n(f) = 13*f - 10. What is the units digit of n(1)?
3
Let n(t) = t**2 - t + 26. What is the tens digit of n(0)?
2
Let s be ((-1)/2)/((-1)/2). Suppose -s - 2 = -3*j. What is the units digit of j?
1
Let q(v) = -v - 4. Let w be q(-6). Suppose w*d - 2 = 0, 2*d = 8*p - 4*p - 102. What is the units digit of p?
6
Let h(c) = c**3 - 9*c**2 - c + 20. What is the units digit of h(11)?
1
What is the units digit of (-1)/(-2)*(-2 - -56)?
7
Suppose 100 + 96 = 4*r. What is the units digit of r?
9
Let j(x) = x**3 - x**2 - 2*x + 5. Let g be 30/12 - 6/(-4). Let o be j(g). Suppose 0 = -5*w + 40 + o. What is the units digit of w?
7
Let f(q) = 5*q**2 + 3*q - 3. What is the tens digit of f(-3)?
3
Let b(m) = -m**2 + 10*m + 12. Suppose -1 = -a, -i + 2*a - 12 = -3*a. Let k = i - -16. What is the units digit of b(k)?
1
Let u(t) = 16*t - 7. What is the tens digit of u(6)?
8
Let f be 4/14 - 844/14. Let z = f - -103. What is the units digit of z?
3
Suppose 4*y + 2*n = 2*y + 20, 0 = -5*y + 3*n + 34. What is the units digit of y?
8
Let g(s) = -s**3 - 13*s**2 + 13*s + 2. Let a be ((-2)/3)/(1/21). What is the units digit of g(a)?
6
Suppose -n - 120 = 2*n. Let b = -17 - n. What is the tens digit of b?
2
What is the tens digit of (114/(-9) + 2)*6/(-4)?
1
Suppose -2*x + 3*x - 13 = 0. Let b = x + -8. What is the units digit of b?
5
Suppose -g + 3*m - 11 = 0, -g - 4*g + m = -15. Suppose -g*y + 28 = -l, 4 = -y - 2*l + 11. What is the units digit of y?
7
Suppose 96 = -5*w + 8*w. What is the units digit of w?
2
Let b(c) = c**3 + 10*c**2 - 14*c - 1. What is the tens digit of b(-11)?
3
Suppose -2*a - a = 4*x - 7, 3*x = 3*a - 21. Let t be (-4)/6*(5 - 2). Let c = a + t. What is the units digit of c?
3
Suppose -3*h = -2*h + 8. Let s be h/(-12) + 32/6. Suppose 2*a = 2 + s. What is the units digit of a?
4
Suppose 316 - 31 = 3*z. What is the units digit of z?
5
What is the tens digit of 2 + (85/1 - -3)?
9
Suppose 20 = 3*w - 8*w. Let b(j) = -j. Let m be b(9). Let l = w - m. What is the units digit of l?
5
What is the hundreds digit of 192 + 1 - (3 - 4)?
1
Suppose 3*a = -0*a - 24. Let d be a/(-20) - (-14)/(-10). What is the units digit of (d*2 - 0)/(-2)?
1
Let b(x) = -2 - 2*x + 3 - 1. Let i(k) = k**2 + 3*k - 1. Let d be i(-3). What is the units digit of b(d)?
2
Let j(x) = 8*x**3 - 4*x**2 + 4*x - 2. Let l be j(2). Suppose -2*s + l = s. What is the tens digit of s?
1
Let f be 1179 + ((-8)/(-4) - -2). What is the units digit of 2/10 - f/(-35)?
4
Suppose -u + 3*u = 5*h - 19, 4*h - 32 = -4*u. What is the tens digit of (8/u)/(2/33)?
4
Let m(j) = -j**2 - 10*j - 3. What is the tens digit of m(-7)?
1
What is the tens digit of ((-285)/(-38))/((-3)/(-16))?
4
Let x be ((-3 - -3)/1)/1. Suppose x = -2*f - f. Suppose 0 = -v - v - 3*u + 12, 4*u = f. What is the units digit of v?
6
Let s(g) = 2*g - 6. Let q(u) = 6*u + 2*u**2 + 4*u**2 - 6*u**2 + u**2. Let i be q(-7). What is the units digit of s(i)?
8
Suppose -2*o = p, 4*o + 4 = -0. Let i(b) = 9*b - b**2 + 4*b**p - b**3 + 4*b**2. What is the units digit of i(8)?
8
Let w = 6 + -11. What is the tens digit of (16/w)/((-5)/25)?
1
Suppose 0 = 3*l - 4*r + 4 + 3, -r - 1 = 2*l. Let p(s) = 26*s**2 - 2*s - 1. What is the tens digit of p(l)?
2
Let n(d) = -6*d**2 - 2*d - 1. Let i be n(-2). What is the units digit of (i*1)/((-8)/8)?
1
Let f be (-12)/(-7) + (-2)/(-7). Suppose -f*x + 24 = -5*i, 2*x + 2 = 3*i + 30. What is the tens digit of x?
1
Suppose 2*g = -2*g + 4. What is the units digit of 0 + 3 + (g - 2)?
2
Let t be (-2 - -1 - -1)/(-2). Suppose 5 = -q - t*q. What is the units digit of q*(-1 - (-1)/(-5))?
6
Suppose 43*t - 38*t = 65. What is the units digit of t?
3
Suppose n = 0, 5*b + 4*n - 75 = -n. Let q be 6/b*(-5)/(-1). Suppose q*o - 11 = 5. What is the units digit of o?
8
Let k = 13 + -2. Let f(n) = -6*n**3 + 6*n**2 + 5*n + 25. Let z(i) = -i**3 + i**2 + i + 5. Let b(l) = k*z(l) - 2*f(l). What is the units digit of b(0)?
5
Let t = -58 + 82. What is the tens digit of t?
2
Suppose -4*i - 235 = -9*i. What is the tens digit of i?
4
Let g(s) = -4 - 1 - 3*s**3 + 2 - 2*s**2 + 3*s + 5*s**3. What is the tens digit of g(2)?
1
Let a be (-87)/(-12) + (-3)/12. What is the units digit of 13/4 + a/(-28)?
3
Suppose 0*p = -2*p. Suppose -5*h - 5*x - 5 = 0, 2*h + p*h + x + 1 = 0. What is the units digit of 0 + -1 - (h - 13)?
2
Suppose -4*t = -5*v - 475, -3*t + 21 + 336 = -4*v. What is the hundreds digit of t?
1
Let q(d) be the second derivative of -d**4/12 + 5*d**3/6 + d**2/2 - 3*d. What is the units digit of q(4)?
5
Let x be (0 + -15)*(-36)/15. Suppose -7*s + 3*s = -x. Let a(f) = f**2 - 8*f - 3. What is the units digit of a(s)?
6
Let j be -2 + 2 - (0 - 11). Let o = -2 + j. What is the units digit of o?
9
Suppose l - n = -22, 4*l + n = 3*n - 84. What is the units digit of l*(-3)/6*1?
0
Let m(s) = 3*s**2 + 38. What is the tens digit of m(0)?
3
Suppose -t - 3*v - v + 16 = 0, -2*t + 3*v = 23. Let y = 6 + t. What is the units digit of (10 + y)*(-1)/(-3)?
4
Suppose -k + 3*x + 3 = 3*k, 0 = -3*k + 4*x - 3. What is the units digit of 28/(-6)*(-6 + k)?
4
Let v(p) = p**2 + p + 5. Suppose -x + q = 5, x = -2*x + q - 13. What is the units digit of v(x)?
7
Let y(t) = 13*t + 1. Let q(k) = -25*k - 1. Let d(i) = 6*q(i) + 11*y(i). Let r be d(-5). What is the units digit of r/(-15)*6/(-4)?
4
Let w(p) = p**2 - 6*p - 6. Let q be w(6). What is the units digit of ((-28)/q)/((-15)/(-135))?
2
Let k = -36 + 57. What is the units digit of k?
1
Let b = 31 + -35. Let u = 11 + -5. What is the u